Let a(w) = -w + 3088 + 8*w - 3101 + 3*w - 4*w. Determine a(6).
23
Suppose 0 = 3*c - z + 3 - 2, c = -4*z - 22. Let i(p) = 4*p**2 + 75*p + 9. Let f(k) = 5*k**2 + 99*k + 11. Let u(l) = 3*f(l) - 4*i(l). What is u(c)?
-1
Let r(g) = -3*g**2 + 10 + g + 0 - g**3 - 4*g**2. Let m = -201 + 194. Determine r(m).
3
Let s(c) = -10 - 14*c + 31 - 3*c - c**2 + 36*c - 13*c. Determine s(8).
5
Let u(o) = -o**2 - 3*o + 1. Let l(a) = 6*a + 62. Let r be l(-10). What is u(r)?
-9
Suppose 0 = -2*x + 5*v + 1 + 7, -4 = -x + v. Let t(p) be the third derivative of p**4/8 - p**3/6 - 13*p**2. Calculate t(x).
11
Let x(c) = 64*c + 126. Let o be x(-2). Let a(q) = -4*q**2 - 1. Let v(p) = 9*p**2 + 3. Let u(z) = -7*a(z) - 3*v(z). Give u(o).
2
Let p(f) = f**3 - 4*f**2 + f. Let y be 0*(4 + -1 + -2). Suppose 5*b + y = 20. Give p(b).
4
Let c(d) = -75*d**3 - 4 - 69*d**2 + 74*d**3 + 63*d**2. Determine c(-6).
-4
Let j(p) = 7*p + 3 + 5*p**2 - 20141*p**3 + 1 + 20140*p**3. Let w = 2 - -4. Determine j(w).
10
Suppose -5*p - 4 = 3*t, -2*t = 3*p - 0*p + 3. Let s be (-2)/(p/(10/(-5))). Let g(u) = -u**2 + 5*u + 5. Calculate g(s).
9
Let f(t) = -t**3 - 6*t**2 + 8*t + 5. Let r be f(-7). Let d(l) be the first derivative of -l**4/4 - 4*l**3/3 + l**2 + l - 4. Calculate d(r).
-11
Let s(i) = -2*i - 20. Let d = 1168 - 1184. Calculate s(d).
12
Let r(d) = 6*d - 48. Let y be r(14). Let k be (y/(-4))/(-3) + -3 + -1. Let n(q) be the first derivative of -7*q**3/3 - q**2 - q + 1. Calculate n(k).
-6
Let m = -6 - -8. Suppose -3*v - 8 = 4*d - 33, 18 = m*d - 4*v. Let c(h) = -7*h - 19. Let f(b) = -4*b - 12. Let g(p) = -3*c(p) + 5*f(p). What is g(d)?
4
Let l(d) be the first derivative of -14 + 1/2*d**2 - 3*d. Determine l(0).
-3
Let k(l) be the second derivative of -17*l**5/20 - l**4/12 + l**3/3 - l**2/2 - 12*l - 1. Calculate k(1).
-17
Suppose -5*h + 96 = -13*h. Let f be 2/h + (-377)/78. Let x(a) = 3 - 3 + 2*a. Give x(f).
-10
Let a(r) = 9*r + 5*r + 3*r - 18*r + 3 + 0*r. Let s = -1 + 1. Calculate a(s).
3
Suppose -3*c + 8*c + 15 = 0. Let r(k) be the second derivative of 1/6*k**3 + 0*k**2 - 3*k + 0. Give r(c).
-3
Let u(f) = 11*f - 7. Suppose 5*y + 35 = -10. Let l(t) = -5*t + 3. Let j(r) = y*l(r) - 4*u(r). Suppose 2*s + 12 = -2*s. Give j(s).
-2
Let c(t) = t - 58 + 122 - 57. Give c(0).
7
Let l(v) = v**3 + 27*v**2 + 20*v - 154. Let f be l(-26). Let n(o) = 2*o**3 - 2*o**2 - o + 1. What is n(f)?
7
Let f(v) = 2*v**3 - v**2 + 10*v - 4. Let y(i) = -3*i**3 + 3*i**2 - 16*i + 8. Let b(h) = -5*f(h) - 3*y(h). Let o = -8 + 5. What is b(o)?
-7
Let h = 2065 + -2064. Let k(i) = 4*i. Determine k(h).
4
Let y = 1057 - 1073. Let h(j) = j**3 + 15*j**2 - 18*j - 22. What is h(y)?
10
Let p = -654 + 654. Let f(m) = 7 - 5*m + 5*m - m**3. Determine f(p).
7
Let b(o) be the first derivative of -3*o**2 + 4*o + 22. Let h = -77 - -74. Calculate b(h).
22
Let d be (-6)/(-4)*13/((-234)/(-192)). Let f(l) = -l**3 + 17*l**2 - 13*l - 23. What is f(d)?
25
Let s(h) be the second derivative of -2*h**3 - h**2 - 5*h - 3. Calculate s(2).
-26
Let q(w) = w**3 + 2*w**2 - w. Let t(c) = c**2 + 1. Let i be 4 - (1 - (-1 - 0)). Let s be t(i). Suppose -5*h - 2*g - 13 = 0, 0 = -s*g - 0 + 5. What is q(h)?
-6
Let j(u) be the first derivative of 1/12*u**4 - 8*u + 3 + u**3 - 2*u**2. Let n(b) be the first derivative of j(b). Give n(-7).
3
Let q(g) = g**2 - 2*g. Let i(v) = 5*v**2 - 10*v - 3. Let s(p) = -i(p) + 4*q(p). What is s(4)?
-5
Let j = -6 - -9. Let r(s) = -169*s - s**2 + 4 + 336*s - 171*s. Give r(j).
-17
Let a(w) = -w**2 + 41*w - 252. Let y be a(8). Let q(d) = -d + 16. Give q(y).
4
Let k(u) = -u**3 - 2*u**2 + u. Suppose 15 = 8*l - 49. Let q be (-63)/(-36) + 2/l. What is k(q)?
-14
Let z(a) = a**2 - 5*a + 3. Let j = -4 + 4. Let k(q) = -q + 6 - q - 11 + j*q. Let t be k(-4). Calculate z(t).
-3
Let i(r) = -r**3 + 6*r**2 - 2*r - 4. Suppose 0 = -149*g + 138*g + 66. Give i(g).
-16
Suppose 10*j - p = 5*j + 15, 3 = j - 3*p. Let m(r) be the first derivative of -r**2/2 + 2*r + 1. Calculate m(j).
-1
Let f(j) be the second derivative of j**3/6 - 4*j**2 - 6*j - 13. Let v be 2/6 + 17/3. Give f(v).
-2
Suppose -5*j + 15 + 15 = 0. Suppose -j*f = -f + 25. Let k(c) = 2*c**2 + 6*c + 6*c**2 + c**3 - 2*c**2 - 3. Give k(f).
-8
Let j(m) = -15*m**2 + 16*m + 11. Let s(r) = -3*r**2 + 3*r + 2. Let w(k) = -2*j(k) + 11*s(k). What is w(2)?
-10
Let v(q) = q**2 + 7*q + 9. Let n(g) = 20*g + 34. Let u be n(-2). What is v(u)?
3
Suppose y - 2*y - 12 = 0. Let k be 3 - 4/y*0. Suppose 4*a + 7 = -k*n - 34, -39 = 2*n + 5*a. Let u(z) = z + 11. Determine u(n).
4
Suppose 0*p - 4 = -2*p. Let r = -529 - -545. Suppose -p*y + r = 2*y. Let l(j) = -j**3 + 4*j**2 + 2*j - 5. What is l(y)?
3
Let q = 80 + -69. Let h(g) = -q*g - g**3 - 2*g**2 + 6*g**2 + 4*g + 3*g**2. Determine h(6).
-6
Suppose 3*x + 70 = 38*x. Let p(u) = u**3 - 3*u**2 + u + 1. Determine p(x).
-1
Let r(p) = -p - 8. Let k(d) = -d**3 + 13*d**2 + 30*d. Let h = 54 - 39. Let t be k(h). Give r(t).
-8
Let d = -20 - -18. Let h be 8/(-6)*(-3)/d. Let z be -2 - (-3)/3 - h. Let i(p) = 11*p**2 - 2*p + 1. What is i(z)?
10
Let m(x) be the third derivative of -x**9/60480 - x**8/5040 + x**7/5040 - 13*x**5/30 + 22*x**2. Let f(y) be the third derivative of m(y). Calculate f(-2).
-10
Let m be 14/(-49) + (-47)/7. Let o be 1*(0 - 3) - m. Let c(h) = 3 + h + h - o*h + 0*h. Determine c(4).
-5
Let c(y) = 5*y**3 - y**2 + 6. Let j(k) = 6*k**3 + k + 6. Let n(d) = 7*c(d) - 6*j(d). Determine n(-6).
6
Let x(b) = -b + 7. Suppose -7*t + 6*t = 0. Let y(z) = z**2 + 12*z + 11. Let n be y(-11). Suppose -1 = h, s + n*s - 2*h - 7 = t. Give x(s).
2
Let x = 3 + -4. Let f be (21/(-28))/(x/4). Let u(g) = 0*g + 0*g + f - 3*g + 6*g. Determine u(-6).
-15
Suppose 0 = 14*p - 19*p - 7*p. Let z(c) be the second derivative of 1/12*c**4 + 0*c**3 + p - 2*c - c**2. Calculate z(2).
2
Let f(a) be the first derivative of a**6/180 - a**5/60 + 11*a**3/3 - 16. Let x(v) be the third derivative of f(v). Determine x(-2).
12
Let j = 6170 - 6178. Let f(m) be the first derivative of m**2/2 + 10*m + 1. What is f(j)?
2
Let v be -11 + (-44)/33*-24. Let x(n) = -n**2 + 19*n + 45. Calculate x(v).
3
Let h(k) be the first derivative of k**4/12 - 2*k**3/3 - k**2 - 4*k + 4. Let j(c) be the first derivative of h(c). Suppose 17 = 5*l - 8. Calculate j(l).
3
Suppose -3*c = 6*c - c. Suppose c = -16*l + 12*l + 24. Let j(b) = -b**2 + 3*b. What is j(l)?
-18
Let u(x) = -12*x - 15. Let y(b) = 26*b + 28. Let p(h) = -5*u(h) - 3*y(h). What is p(4)?
-81
Let o(y) = 2*y + 1. Let d(f) = f + 3. Suppose -4 = -10*m + 14*m. Let r be d(m). Calculate o(r).
5
Let n(b) = -26*b**3 - b**2 + 1. Let m = 69 - 64. Suppose 0 = 6*f - 11*f + m. Determine n(f).
-26
Let t(y) = -y**3 + 7*y**2 - 4*y - 5. Let a(w) = w**3 + 2*w**2 + w. Let s be a(-2). Let v be s/(-3)*1 - 64/(-12). Determine t(v).
7
Suppose 54*d - 18 = 48*d. Let t = 3 + -1. Let j(s) = 4*s - 2*s**t - s - 1 + 3 - s + s**d. Calculate j(2).
6
Suppose -4 = 3*l - 10. Let v(x) = -x**3 + 1 - 40*x + 5*x**2 + 20*x + 21*x - 3*x**2. Determine v(l).
3
Let z(t) be the second derivative of -1/12*t**4 - 1/20*t**5 + 0 - 10*t + 0*t**2 + 1/6*t**3. Give z(0).
0
Let z(f) = -3 + f**2 + 9 - 6*f + 0*f. Suppose -g = 10 - 12. Let w(r) = 2*r**2 - 12*r + 12. Let s(n) = g*w(n) - 5*z(n). Determine s(4).
2
Let j(l) be the third derivative of l**6/120 + l**5/6 + l**4/6 + l**3 - 59*l**2. What is j(-10)?
-34
Let c(w) be the first derivative of -4*w**3/3 + 2*w**2 - 3*w - 23. Determine c(2).
-11
Let h(i) = -i**3 + i - 2. Let n be 36/4 - (0 - -7). Give h(n).
-8
Suppose 3*g - 27 = -4*x, 12 = -0*g + 3*g - x. Let m(v) = -2 + g + v + 2*v - 2*v. Determine m(-4).
-1
Let o = -14 + 14. Suppose o*y = -2*y - 6. Let s(t) be the first derivative of -t**4/4 - t**3/3 + 3*t**2/2 - 2*t + 1. Give s(y).
7
Let i be 1/(-4) - (-345)/20. Let k be i/3 - 4/(-12). Let x(r) = -3*r - k*r**3 + 2*r + 0*r + 2*r**3. Determine x(1).
-5
Let n(u) be the first derivative of -1/4*u**4 + 3*u - 2/3*u**3 + 4 + 5/2*u**2. Suppose -t - 3 = 0, -5*t = 5*z + 3 + 27. Give n(z).
-3
Let y(g) = -12*g**2 + g. Let a = 127 - 102. Suppose -21*q + a*q = 4. Determine y(q).
-11
Let x(c) = -c**3 + 5*c**2 + 7*c - 4. Let z(w) = -5*w**3 + 1. Let v be z(-1). Let o be x(v). Let q(b) = -6*b + b + 5 + 2 - o*b + b**2. Calculate q(6).
1
Let m(y) be the third derivative of 0*y + 0 + 3*y**2 - 1/24*y**4 - 4/3*y**3. 